 b(j) = 14*j - 8. Let c(i) = 3*b(i) + 8*y(i). Let v(x) = 3*x. Let t(h) = 5*c(h) - 4*v(h). What is t(1)?
-2
Suppose 2*u - z = -2*u + 1, -1 = 3*u + z. Let l(i) = -i**2 + i + 12. Calculate l(u).
12
Suppose -4*k - 32 = 59*b - 63*b, 32 = 5*b - 3*k. Let d(t) = 8*t - 8. What is d(b)?
24
Let m(b) = 12*b**2 - 3*b + 3. Let x be m(1). Suppose x = -21*c + 24*c. Let l(u) = -u**3 + 5*u**2 - 3*u - 1. Determine l(c).
3
Let p(z) = z**2 + 4*z + 0*z - 23*z - 8 + 10*z. Determine p(10).
2
Let z(g) be the first derivative of g**5/20 + 25*g**2/2 + 2. Let r(s) be the second derivative of z(s). Determine r(2).
12
Let q(u) be the first derivative of u**4/4 + 5*u**3/3 - 2*u**2 - 4*u + 64. Determine q(-3).
26
Let s(m) = 3*m**2 + 31 - 10*m**2 + 18*m + 6*m**2. Give s(20).
-9
Let f be -1 + 1 + 7 + (-1 - 4). Let n(w) = 7 + 0*w**2 + 4*w**2 - f*w - 4*w - 5*w**2. Give n(-7).
0
Suppose 68*s + 243 = 107. Let w(c) be the second derivative of -c**5/20 + c**4/6 + c**3/3 - c**2/2 + 2*c. Determine w(s).
11
Let r(u) be the third derivative of -u**6/120 + 13*u**5/60 + u**4/24 - u**3/3 + 31*u**2 - 2*u. What is r(13)?
11
Let q(g) be the third derivative of 0 + 0*g - 1/4*g**4 - 15*g**2 - 1/2*g**3. Give q(-2).
9
Let w be -2 - (0/(-5) + (-13)/1). Suppose 10 = w*q - 9*q. Let v(o) = -o**2 + 6*o - 6. Give v(q).
-1
Let t(f) be the first derivative of f**3/3 + 13*f**2/2 + 20*f - 619. Determine t(-7).
-22
Let b(l) be the second derivative of -5*l**3/6 - 13*l**2/2 - 157*l. Determine b(-9).
32
Let m(c) be the first derivative of -5*c**3/3 + c**2 - 4*c - 531. Calculate m(2).
-20
Let o be (-16)/(-7) + (-8)/28. Let p(j) = -30*j**2 + 17*j - 30. Let l(f) = -14*f**2 + 8*f - 14. Let x(q) = -13*l(q) + 6*p(q). Give x(o).
6
Let i(s) be the third derivative of s**6/120 + 7*s**5/60 + s**4/6 - 4*s**3/3 - 51*s**2. Suppose -5*n + 1 - 31 = 0. What is i(n)?
4
Let d(b) = b**2 + 6*b - 8. Let c(n) = -n**2. Suppose 2*s - 3*q = 11, 0 = 5*s + 3*q - 0*q + 4. Let v(x) = s*d(x) + 2*c(x). Determine v(6).
-8
Let g(h) = h**2 + h - 9. Let t = -18 + 15. Let q be ((-16)/(-24))/(2/t). Let z(x) = -x - 1. Let o(c) = q*g(c) + 2*z(c). What is o(-6)?
-11
Let i(o) = 17*o - 134. Suppose 8*q = -217 + 281. Give i(q).
2
Let z(v) = -2*v - 23. Suppose -m + 2 = 3*c, -4*m + c + 23 - 80 = 0. Give z(m).
3
Let z(r) = 512*r**2 - 8*r - 1023*r**2 - 1 + 510*r**2. Calculate z(-4).
15
Let j(d) = 2*d**2 - 30*d - 4. Suppose v - 7*y - 21 = -10*y, -y + 32 = 2*v. Give j(v).
-4
Let v(r) = r**2 - 10*r + 17. Let i = 1179 - 1170. What is v(i)?
8
Let p be (-35)/28 - (138/24 + -7). Let n(b) be the third derivative of 1/3*b**3 - 1/12*b**4 + p*b + 5*b**2 + 0. What is n(3)?
-4
Let d = 191 + -192. Let c(f) = -12*f**2 + 1. Calculate c(d).
-11
Let l(c) = -c**2 + 9*c + 3. Suppose 5*x - 59 + 17 = 3*f, 5*x = 4*f + 41. Give l(x).
3
Let w(y) = -y**3 - 5*y**2 - 2*y + 13. Let h = 1074 - 1078. Calculate w(h).
5
Let c(j) be the first derivative of j**2/2 - 7*j - 18. Determine c(4).
-3
Let w = -23 - -25. Suppose -k = -w*k - 5. Let o(b) = b**2 + 5*b - 4. What is o(k)?
-4
Let h = 35 - -15. Let r be h/18 + (-2)/(-9). Let o(d) = -r*d**2 + 2*d**2 - 7*d + 4 - 9. Calculate o(-5).
5
Let f = -44 - -39. Let o = f + -2. Let i(n) = -7*n - 17. Let z(p) = 10*p + 25. Let a(c) = 7*i(c) + 5*z(c). Give a(o).
-1
Let k(g) be the first derivative of -g**4/4 + 7*g**3 + g**2/2 - 12*g - 144. Give k(21).
9
Let l(k) = 1 - 28548*k**2 + k**3 + 28548*k**2. Suppose 2*m - 2*i = -0*m + 10, 2*i + 2 = 0. Suppose d = m*d. What is l(d)?
1
Let x(a) = -6*a**2 - 2*a - 1. Let k be 5/(-6) - (-5)/(-30). Calculate x(k).
-5
Let u(v) = v**2 - 8*v + 3*v + 15*v - 16 + 37. Give u(-6).
-3
Let s(k) = 3*k + 4. Suppose -z = -1, -4*o + 0*z = z - 41. Suppose -2 = 5*t - 4*x + o, 10 = -5*x. Calculate s(t).
-8
Let m(j) = j**3 + 63*j**2 - 25*j + 51. Let k(i) = -31*i**2 + 13*i - 25. Let b(u) = 5*k(u) + 2*m(u). Let o be b(14). Let f(t) = -t**2 - 9*t. Give f(o).
0
Let v(t) = t**2 - 7*t + 3. Let b be 2/(-12) + (-124)/(-24). Suppose 0*r = -b*r - 35. Let j(g) = -g - 4. Let s be j(r). Give v(s).
-9
Suppose m = f + 18 - 10, 0 = m + 3*f. Let d(a) = 2*a**2 - 6*a - 7. Calculate d(m).
29
Let u(y) be the second derivative of y**3/6 - 21*y**2/2 - y. Let m = 473 + -456. Let j be u(m). Let f(w) = -w**3 - 3*w**2 + 4*w + 4. Determine f(j).
4
Suppose -6*i + 4 = -5*i + 2*w, 0 = 2*i - 5*w - 26. Let b(c) = c**2 - 10*c + 9. Calculate b(i).
-7
Let v(l) be the first derivative of -3*l**4/2 + l**2/2 + 97. What is v(-1)?
5
Let r(c) = -c**3 + 0*c**3 + 12*c**2 + 483 - 479. What is r(12)?
4
Let q(z) = 6*z**2 + 3*z + 4. Let j(x) = 4*x**2 + 2*x + 3. Let m(v) = 4*j(v) - 3*q(v). Give m(3).
-21
Let u = -819 - -820. Let h(m) = 24*m**3 + m**2 - m - 5. Let p(d) = 5*d**3 - 1. Let o(b) = 2*h(b) - 11*p(b). Determine o(u).
-6
Let f(h) be the second derivative of 4*h**3/3 - h**2 + 3*h + 19. Determine f(-2).
-18
Let c be (-8)/(-56)*(-3 + 10). Let s(q) = -3 + 6 - 3 + c + q. Calculate s(6).
7
Let i be 1 + 0 - (3 - 2). Let q(j) = -1 + i - 6 + 4*j + 4. Let c = -61 + 65. Give q(c).
13
Let p(q) = q - 1. Suppose 10 + 5 = 5*w. Suppose -2*r - w*n - 3 = -0*r, 3*r - 33 = 3*n. What is p(r)?
5
Let x(s) be the third derivative of s**8/6720 - s**7/315 + s**6/90 - s**5/24 - 3*s**4/4 - 31*s**2. Let n(h) be the second derivative of x(h). Give n(7).
2
Let g(o) = -2*o**2 + 4*o - 5. Let z(p) = 2*p**2 - 5*p + 6. Let f(c) = -6*g(c) - 5*z(c). Suppose -204 = 26*a - 22*a. Let r = -50 - a. Determine f(r).
3
Let v(z) = 4*z**2 - 12*z + 9. Let g(l) = l**2 - l. Let c(o) = 3*g(o) - v(o). Suppose 0 = 5*i - 2*i - 21. Let k be 0 + i + -2 - -2. What is c(k)?
5
Let k(q) = -11 - 2*q**2 + 13*q - 32*q - 3*q**2 + 6*q**2 + 12*q. What is k(8)?
-3
Let i(p) = p. Let c(u) = 279*u - 283*u + 10 - 24. Let l(r) = -c(r) - 5*i(r). What is l(11)?
3
Suppose 5*j = 4*z + 62, -5*z - 96 = -3*j + 6*j. Let u(h) = h**3 + 18*h**2 + h + 21. What is u(z)?
3
Let u(h) be the third derivative of -h**2 + 0 + 0*h + 1/60*h**5 + 2*h**3 - 11/24*h**4. Let l be u(9). Let x(a) = -a**2 - 7*a. Calculate x(l).
6
Let i(r) = -5*r + 12. Let q(s) = -7*s + 13. Let y(m) = 3*i(m) - 2*q(m). What is y(8)?
2
Let k(c) = -6*c**2 - c**2 - 2 + 10*c**2 - 6*c**2 - 2*c**2 - 3*c. Calculate k(-1).
-4
Let b(w) be the third derivative of -w**5/60 + 3*w**4/8 - w**3/3 + w**2. Suppose q + 4*q - 25 = 0. Suppose 0*f = f - q*m - 31, 5*f = -m + 25. Calculate b(f).
16
Let s(k) be the second derivative of -7*k**5/20 + k**4/12 + k**3/6 - 91*k. Calculate s(-1).
7
Let g = 1105 + -1102. Let r(q) be the first derivative of g*q + 7 - 1/2*q**2. Calculate r(0).
3
Let s = -15 + 15. Suppose 0 = 2*g - 3*y + 2, s = 4*g - 2*y + 5*y - 14. Let z(o) = 2*o + 1 - 4 + 3 - o**3 + o**2 + 1. Calculate z(g).
1
Let u(a) = a**3 - 7*a**2 + 5*a + 8. Let w(p) be the second derivative of -p**3 - 3*p**2 - 8*p. Let l be w(-2). Calculate u(l).
2
Let b(w) = -28*w**3 - w**2 - 2*w - 1. Suppose 0 = -4*f - u, f - 2*u - 2 = -11. Give b(f).
28
Let o = 2048 + -2045. Let c(p) = 2*p + 3. What is c(o)?
9
Suppose 0 = 2*d + 25 - 129. Suppose 7*g + 11 = -d. Let c(m) = m**2 + 10*m + 2. Calculate c(g).
-7
Let v(y) = -2*y + 4. Let f be v(1). Let a(j) = -3*j - 1 - 2*j**f + 6*j**2 - 3*j**2. Give a(-2).
9
Let h(p) be the third derivative of -p**6/720 + 7*p**5/120 - p**4/3 - 46*p**2. Let f(l) be the second derivative of h(l). Determine f(3).
4
Let u(a) be the first derivative of -a**2/2 - 9*a + 586. Calculate u(-10).
1
Let z(n) = 9 + 0 - 5 - 3. Let v(o) = o + 1. Let b(c) = v(c) + 5*z(c). What is b(-6)?
0
Let d be 66/8 + -4 + 1/(-4). Let g = -1 - d. Let c(w) = w**2 + 4*w. Determine c(g).
5
Suppose 5*k = 14*s - 11*s - 23, -4*k - s + 2 = 0. Let v(c) be the second derivative of 3*c**5/5 - c. Give v(k).
-12
Let n(p) = p**2 - 5*p + 2. Suppose 3*k - 5 = -2*l - 0*k, -2*k + 14 = 4*l. Let x be (-47)/(-9) + l/(-18). Determine n(x).
2
Let c(j) = -j**2 + 6*j + 3. Suppose 4*a - 2*s + 48 = -0*s, 5*a + s = -53. Let v = -5 - a. What is c(v)?
3
Let i = 32 + -28. Suppose i*h + h = -10. Let b(u) = 7*u + 8. Let z(m) = -11*m - 12. Let g(o) = -8*b(o) - 5*z(o). What is g(h)?
-2
Let i = 17 + -16. Suppose 0 = 2*q - 3 + i. Let x be (8 - 4)/q - 5. Let u(h) = -16*h**2 - 2*h - 1. Give u(x).
-15
Let i(c) = 2 - 1 + 0 + c**3 + c**2. Let u be 4 + ((-5)/1 - -1). What is i(u)?
1
Let m(g) be the third derivative of g**5/120 - 7*g**4/24 + g**3/2 - 5*g**2. Let k(p) be the